e 7
-13
What is -4 (base 9) in base 13?
-4
What is 17 (base 11) in base 3?
200
-41 (base 12) to base 14
-37
2 (base 3) to base 7
2
Convert 17 (base 10) to base 5.
32
Convert 3 (base 15) to base 10.
3
Convert 20102 (base 3) to base 13.
104
What is -6 (base 14) in base 15?
-6
What is -6 (base 16) in base 12?
-6
7 (base 8) to base 14
7
44 (base 14) to base 8
74
Convert 0 (base 9) to base 7.
0
What is 3 (base 11) in base 12?
3
What is -11 (base 4) in base 6?
-5
What is 37 (base 8) in base 2?
11111
Convert -13 (base 8) to base 11.
-10
-3 (base 6) to base 2
-11
Convert 13 (base 7) to base 10.
10
What is -100 (base 3) in base 6?
-13
What is 7 (base 14) in base 7?
10
19 (base 16) to base 11
23
What is 34 (base 15) in base 10?
49
1323 (base 4) to base 8
173
What is -23 (base 5) in base 15?
-d
What is -8 (base 12) in base 4?
-20
Convert -3 (base 6) to base 8.
-3
Convert 225 (base 6) to base 4.
1121
-11 (base 4) to base 10
-5
Convert 250 (base 9) to base 2.
11001111
2b (base 15) to base 12
35
What is -d (base 16) in base 5?
-23
156 (base 12) to base 15
e0
What is -2 (base 4) in base 6?
-2
Convert 5 (base 15) to base 4.
11
Convert 0 (base 7) to base 3.
0
212 (base 6) to base 12
68
0 (base 8) to base 7
0
4 (base 6) to base 9
4
What is 1010 (base 3) in base 13?
24
What is -12 (base 11) in base 9?
-14
0 (base 15) to base 6
0
What is 17 (base 8) in base 4?
33
-130 (base 4) to base 7
-40
What is -6 (base 13) in base 5?
-11
-3 (base 15) to base 6
-3
Convert 19 (base 13) to base 10.
22
Convert 13 (base 9) to base 5.
22
244 (base 6) to base 8
144
-10 (base 3) to base 15
-3
Convert 10 (base 4) to base 9.
4
What is -21 (base 12) in base 14?
-1b
-11 (base 10) to base 13
-b
What is 122 (base 8) in base 14?
5c
Convert -102100 (base 3) to base 10.
-306
Convert 13 (base 11) to base 10.
14
224 (base 7) to base 5
431
10 (base 15) to base 13
12
-3 (base 10) to base 8
-3
Convert -1 (base 6) to base 10.
-1
Convert 0 (base 8) to base 5.
0
What is 4 (base 11) in base 9?
4
What is -20 (base 15) in base 3?
-1010
-1 (base 8) to base 11
-1
-34 (base 13) to base 4
-223
33 (base 15) to base 8
60
2 (base 12) to base 6
2
What is -10 (base 2) in base 15?
-2
Convert -2 (base 11) to base 10.
-2
What is 155 (base 7) in base 8?
131
-28 (base 9) to base 16
-1a
What is -11010000 (base 2) in base 3?
-21201
Convert 106 (base 7) to base 2.
110111
What is -2 (base 5) in base 9?
-2
What is -10 (base 3) in base 13?
-3
Convert 4 (base 13) to base 2.
100
Convert -1 (base 3) to base 11.
-1
-3 (base 11) to base 12
-3
What is 150 (base 7) in base 15?
59
Convert 113 (base 7) to base 12.
4b
Convert -20 (base 12) to base 3.
-220
What is 10 (base 5) in base 14?
5
What is -4 (base 5) in base 12?
-4
99 (base 10) to base 11
90
Convert 14 (base 10) to base 7.
20
What is -22 (base 5) in base 3?
-110
-24 (base 9) to base 4
-112
Convert -134 (base 6) to base 5.
-213
Convert -4 (base 14) to base 5.
-4
38 (base 10) to base 14
2a
Convert 16 (base 11) to base 3.
122
Convert 101001 (base 2) to base 9.
45
-4 (base 5) to base 7
-4
3 (base 4) to base 11
3
Convert -13 (base 4) to base 8.
-7
1 (base 8) to base 4
1
Convert -1 (base 2) to base 5.
-1
182 (base 9) to base 6
415
What is -365 (base 8) in base 13?
-15b
What is 100000000 (base 2) in base 15?
121
What is 9 (base 13) in base 11?
9
4 (base 16) to base 3
11
What is 55 (base 11) in base 2?
111100
What is 4 (base 11) in base 14?
4
-1112 (base 6) to base 13
-170
-24 (base 6) to base 16
-10
-185 (base 10) to base 16
-b9
Convert -14 (base 9) to base 14.
-d
What is 4 (base 14) in base 12?
4
What is -5 (base 7) in base 11?
-5
10 (base 5) to base 13
5
What is -22 (base 15) in base 16?
-20
115 (base 16) to base 5
2102
What is 11 (base 6) in base 10?
7
Convert 6 (base 12) to base 14.
6
What is -23 (base 13) in base 7?
-41
What is -111 (base 6) in base 8?
-53
Convert -4 (base 5) to base 15.
-4
Convert 17 (base 13) to base 7.
26
Convert 12 (base 4) to base 10.
6
244 (base 5) to base 15
4e
What is -13 (base 4) in base 9?
-7
What is -5 (base 16) in base 15?
-5
Convert -2101 (base 3) to base 5.
-224
Convert 6 (base 7) to base 6.
10
Convert 1 (base 8) to base 9.
1
9 (base 15) to base 3
100
Convert 6e (base 16) to base 7.
215
Convert 12 (base 6) to base 9.
8
What is -34 (base 6) in base 11?
-20
What is -21 (base 12) in base 3?
-221
What is d9 (base 14) in base 7?
362
What is -b (base 13) in base 10?
-11
Convert -6 (base 9) to base 12.
-6
What is -14 (base 13) in base 16?
-11
Convert 26b (base 12) to base 8.
563
Convert 8 (base 15) to base 13.
8
What is -48 (base 9) in base 8?
-54
3 (base 8) to base 9
3
What is -1100 (base 2) in base 15?
-c
-10 (base 11) to base 5
-21
Convert 6 (base 7) to base 4.
12
8 (base 14) to base 10
8
4 (base 6) to base 13
4
Convert 1004 (base 5) to base 14.
93
What is 12 (base 7) in base 5?
14
What is -26a (base 11) in base 9?
-383
What is -1 (base 11) in base 15?
-1
-5 (base 7) to base 2
-101
1 (base 6) to base 13
1
Convert -16 (base 12) to base 15.
-13
What is 211 (base 6) in base 4?
1033
30 (base 8) to base 7
33
-11100 (base 2) to base 7
-40
-23 (base 4) to base 12
-b
Convert -3020 (base 4) to base 10.
-200
What is 24 (base 7) in base 4?
102
What is 0 (base 2) in base 8?
0
Convert 4a (base 14) to base 12.
56
What is -4 (base 8) in base 3?
-11
What is -2 (base 3) in base 13?
-2
What is 20b (base 12) in base 2?
100101011
-201 (base 3) to base 9
-21
What is 126 (base 12) in base 7?
336
Convert 4 (base 5) to base 10.
4
Convert 6 (base 9) to base 10.
6
What is -56 (base 7) in base 3?
-1112
-33 (base 4) to base 13
-12
Convert -315 (base 6) to base 14.
-87
What is -6 (base 12) in base 10?
-6
Convert 10000011 (base 2) to base 12.
ab
What is 3 (base 10) in base 13?
3
1 (base 5) to base 13
1
-31 (base 12) to base 10
-37
-666 (base 7) to base 4
-11112
-230 (base 5) to base 16
-41
What is -15 (base 12) in base 9?
-18
34 (base 6) to base 14
18
Convert 4 (base 6) to base 15.
4
-325 (base 8) to base 15
-e3
Convert 90 (base 12) to base 6.
300
Convert -24 (base 11) to base 6.
-42
What is 11 (base 12) in base 15?
d
-10 (base 11) to base 4
-23
What is 6 (base 10) in base 5?
11
82 (base 16) to base 8
202
Convert -1 (base 3) to base 7.
-1
What is -21 (base 6) in base 10?
-13
Convert -120 (base 6) to base 7.
-66
Convert 2 (base 16) to base 4.
2
What is -101111 (base 2) in base 6?
-115
Convert -51 (base 10) to base 11.
-47
Convert -1022 (base 3) to base 5.
-120
11 (base 7) to base 8
10
What is 0 (base 6) in base 10?
0
-233 (base 4) to base 9
-52
-324 (base 6) to base 9
-147
0 (base 14) to base 13
0
What is -11110 (base 2) in base 16?
-1e
-5 (base 9) to base 8
-5
1 (base 4) to base 3
1
Convert -305 (base 10) to base 11.
-258
What is 63 (base 11) in base 4?
1011
Convert -94 (base 14) to base 16.
-82
What is -42 (base 6) in base 9?
-28
Convert -343 (base 9) to base 11.
-237
What is -a (base 12) in base 4?
-22
What is -33 (base 6) in base 9?
-23
Convert 104 (base 14) to base 15.
d5
210 (base 7) to base 6
253
What is 1 (base 12) in base 5?
1
What is -48 (base 16) in base 8?
-110
What is 15 (base 14) in base 7?
25
Convert 6 (base 13) to base 15.
6
-63 (base 7) to base 12
-39
What is -2203 (base 4) in base 12?
-117
0 (base 10) to base 5
0
What is -1 (base 15) in base 13?
-1
Convert -7 (base 15) to base 11.
-7
Convert 12 (base 9) to base 5.
21
Convert -113 (base 4) to base 16.
-17
16 (base 11) to base 9
18
-40 (base 7) to base 3
-1001
What is -3 (base 8) in base 3?
-10
3 (base 16) to base 7
3
1011 (base 2) to base 3
102
-20 (base 11) to base 8
-26
-5 (base 8) to base 12
-5
Convert -20 (base 4) to base 14.
-8
What is 24 (base 5) in base 8?
16
-1 (base 15) to base 13
-1
-4 (base 12) to base 8
-4
Convert 3 (base 10) to base 12.
3
What is 2 (base 9) in base 12?
2
What is 7 (base 13) in base 2?
111
5 (base 11) to base 7
5
1221 (base 3) to base 11
48
Convert -226 (base 11) to base 16.
-10e
Convert 23 (base 5) to base 9.
14
Convert -2 (base 3) to base 11.
-2
What is 8 (base 10) in base 11?
8
Convert -2 (base 16) to base 8.
-2
What is -16 (base 12) in base 5?
-33
What is 26 (base 10) in base 13?
20
-22 (base 14) to base 12
-26
What is -61 (base 9) in base 5?
-210
What is -8 (base 14) in base 12?
-8
-10 (base 10) to base 11
-a
-11 (base 12) to base 9
-14
-180 (base 11) to base 2
-11010001
Con